+ 364*m - 1076. What is t(3)?
-92
Let o(s) = 206*s - 1013. Calculate o(3).
-395
Let a(l) = -l**3 + 54*l**2 - 5036*l + 249000. Give a(51).
-33
Let q(j) = j**2 + 86330*j + 17397842. Calculate q(-202).
-14
Let j(s) = -10*s**2 - 342*s - 2294. Give j(-25).
6
Let k(b) = -3952*b - 2082. What is k(0)?
-2082
Let t(d) = -d**2 - 14*d + 551. What is t(-32)?
-25
Let y(u) = -u**3 - 9*u**2 - 421*u - 2849. Give y(-7).
0
Let o(f) = -325*f - 1529. Calculate o(-7).
746
Let b(r) = 889*r - 269369. Give b(303).
-2
Let c(g) = -14*g**2 - 42186*g + 1351983. Calculate c(-3045).
3
Let x(d) = -d**3 + 17*d**2 - 1413*d + 22341. Determine x(16).
-11
Let d(p) = -17*p**3 + p**2 + 105*p + 280. Calculate d(-3).
433
Let m(v) = -18071*v + 697. Give m(0).
697
Let c(u) = -7*u**3 + 6*u**2 - 962*u + 8713. Calculate c(9).
-4562
Let a(u) = 2*u**3 - 986*u**2 - 1070*u + 40483. What is a(494)?
-25
Let c(d) = 391451*d - 1565805. What is c(4)?
-1
Let q(k) = 5*k**2 - 10504*k - 1414640. What is q(-127)?
13
Let o(s) = s**2 - 63221*s - 1644430. Give o(-26).
-8
Let w(r) = -r**3 + 29*r**2 - 66*r + 1030. What is w(28)?
-34
Let r(f) = 29931*f + 7722193. Give r(-258).
-5
Let w(s) = 2*s**3 + 62*s**2 - 12*s - 744. What is w(-31)?
-372
Let i(x) = -2*x**2 - 474*x - 9833. Determine i(-214).
11
Let w(t) = -81*t + 4957. Determine w(52).
745
Let q(u) = -4*u**2 - 1571*u + 14005. Give q(9).
-458
Let p(d) = -12507*d**2 + 500280*d - 30. Determine p(40).
-30
Let f(d) = -207*d**2 + 8717*d + 8717. What is f(-1)?
-207
Let l(x) = 323*x**2 + 3611*x - 2. Give l(-11).
-640
Let f(r) = 6*r**3 - 133*r**2 - 1688*r + 8336. Give f(30).
-4
Let j(w) = 642*w + 22761. What is j(-42)?
-4203
Let a(h) = 6*h**2 - 1146*h + 5. Determine a(191).
5
Let x(p) = -172*p**2 - 85*p + 170. What is x(2)?
-688
Let w(f) = f**2 - 23825*f + 238146. What is w(10)?
-4
Let p(j) = -14*j**3 - 189*j**2 + 82*j + 2250. What is p(-13)?
1
Let z(w) = -3*w**2 + 5015*w - 238640. Determine z(49).
-108
Let m(l) = -35*l**2 - 942*l - 10436. Give m(-11).
-4309
Let k(c) = c**3 + 20*c**2 + 466*c + 10274. Give k(-21).
47
Let u(m) = 90384*m + 90413. What is u(-1)?
29
Let q(b) = 6*b**2 + 663*b - 19840. What is q(-135)?
5
Let l(z) = -z**2 + 83*z + 4198. Calculate l(-38).
-400
Let k(x) = -368*x + 68860. Determine k(187).
44
Let r(k) = -4*k**3 - 2909*k**2 - 501*k + 164301. What is r(-727)?
-1
Let b(i) = 6*i**3 - 185*i**2 - 104*i + 2239. Give b(31).
-24
Let v(l) = 1550*l - 16967. What is v(11)?
83
Let x(b) = 15*b**2 - 3409*b + 14294. Calculate x(223).
22
Let x(u) = -2*u**3 + 98*u**2 + 261*u + 592. What is x(52)?
-2060
Let k(q) = -102*q - 3830. Give k(-9).
-2912
Let g(r) = -3*r**2 - 274*r - 2357. Give g(-10).
83
Let k(t) = -2028*t**2 - 10141*t - 2. Give k(-5).
3
Let t(k) = -2493*k + 391368. Give t(157).
-33
Let j(s) = s**3 - 71*s**2 - 171*s - 162. Determine j(0).
-162
Let k(h) = -38*h**2 + 1197*h - 630. Calculate k(31).
-41
Let m(z) = 256509*z - 16929607. Determine m(66).
-13
Let s(v) = -12*v**2 - 159*v + 51. Determine s(-14).
-75
Let o(y) = 4*y**3 - 8*y**2 - 12*y + 61. Give o(-6).
-1019
Let s(l) = 5*l**2 + 129*l + 395. Determine s(-11).
-419
Let d(b) = 33734*b + 1855386. Give d(-55).
16
Let j(i) = i**2 + 2*i - 1632. What is j(39)?
-33
Let l(b) = 33637*b + 470892. Give l(-14).
-26
Let j(u) = 67578*u + 1892192. Calculate j(-28).
8
Let x(k) = 203*k**2 - 43059*k + 4914. What is x(212)?
38
Let y(b) = -3*b**3 + 14*b**2 + 153*b + 244. Calculate y(-6).
478
Let z(m) = m**3 - 26*m**2 + 339*m - 9912. What is z(27)?
-30
Let z(y) = 3*y**3 - 117*y**2 + 22*y - 386. What is z(39)?
472
Let h(f) = -1535*f + 53601. Determine h(35).
-124
Let l(i) = 31*i**2 + 243*i + 21. Determine l(-8).
61
Let a(v) = -22*v**3 - 69*v**2 + 65*v - 1. What is a(-4)?
43
Let c(o) = -o**3 - 110*o**2 + 572*o + 39007. Give c(-112).
31
Let r(h) = 9*h**3 + 6*h**2 + 132*h + 417. What is r(-3)?
-168
Let g(a) = 15*a**2 - 332*a - 3644. Give g(-8).
-28
Let p(w) = 311*w**2 + 2491*w + 31. What is p(-8)?
7
Let f(i) = 14*i**2 + 1359*i + 333. Give f(-96).
-1107
Let o(c) = -1849*c + 34534. Give o(20).
-2446
Let r(h) = 3*h**2 + 507*h + 2012. Determine r(-4).
32
Let p(w) = -2*w**2 - 243*w - 1800. Calculate p(-118).
-974
Let c(y) = -y**3 - 147*y**2 + 2610*y + 429. Give c(-163).
103
Let s(h) = -49*h**2 + 12887*h - 687. Give s(263).
-687
Let z(c) = 42953*c + 1932885. What is z(-45)?
0
Let n(w) = -w**3 - 44*w**2 - 38*w - 1623. What is n(-44)?
49
Let t(d) = d**3 + 310*d**2 + 268*d - 12687. What is t(-309)?
-18
Let f(h) = -28*h**2 - 2054*h + 183. Determine f(-74).
-1149
Let h(w) = w**3 + 259*w**2 + 3897*w + 2170. Give h(-243).
-17
Let x(a) = 145281*a + 2324496. Calculate x(-16).
0
Let v(q) = q**3 + 106*q**2 - 1300*q + 36. Give v(11).
-107
Let g(d) = 44599*d - 44103. What is g(1)?
496
Let u(l) = -l**3 - 10*l**2 + 2173*l - 10453. Calculate u(5).
37
Let v(t) = 5*t**2 - 32*t - 1417. Calculate v(-15).
188
Let a(q) = -109*q**2 - 346*q + 31. What is a(-3)?
88
Let y(t) = -162*t**2 + 416*t + 2131. Give y(-5).
-3999
Let p(k) = k**2 - 907*k - 41830. What is p(951)?
14
Let g(l) = -22093*l - 640699. What is g(-29)?
-2
Let c(n) = 11*n**3 - 76*n**2 - 2136*n + 14896. Determine c(7).
-7
Let i(u) = u**2 + 418*u + 7802. Determine i(-20).
-158
Let v(t) = -4*t**2 - 510*t - 2581. What is v(-122)?
103
Let t(r) = 423*r + 1406. Determine t(-3).
137
Let b(z) = z**3 - 225*z**2 - 457*z + 688. What is b(227)?
7
Let b(u) = -28247*u - 197729. Calculate b(-7).
0
Let t(y) = -3*y**3 - 8*y**2 + 51*y + 58. Determine t(5).
-262
Let w(z) = 3*z**3 + 392*z**2 + 243*z - 744. Calculate w(-130).
1466
Let n(j) = -101387*j - 304337. Determine n(-3).
-176
Let b(x) = -x**2 + 89*x + 3840. Calculate b(0).
3840
Let t(y) = -3*y**3 - 2126*y**2 - 368439*y + 306. Determine t(-302).
4
Let f(n) = 3*n**2 - 629*n + 8556. What is f(14)?
338
Let k(y) = -y**3 + 66*y**2 - 770*y - 3174. Determine k(49).
-87
Let c(s) = -s**2 + 7960*s + 328035. Calculate c(-41).
-6
Let t(g) = -44075*g + 749240. Calculate t(17).
-35
Let v(c) = -2*c**3 + 8*c**2 + 15*c + 172. Calculate v(11).
-1357
Let o(i) = 2*i**2 + 1372*i + 57694. Give o(-641).
4
Let d(z) = z**3 - 26*z**2 - 668*z + 14620. Calculate d(18).
4
Let z(j) = -j**2 + 100*j - 168. Calculate z(11).
811
Let a(c) = 44*c**2 + 4433*c + 11856. Determine a(-98).
-2
Let x(c) = -c**3 + 110*c**2 + 600*c - 2181. Calculate x(115).
694
Let w(j) = -1244839*j + 19917422. Calculate w(16).
-2
Let a(r) = -3*r**3 - 35*r**2 + 3919*r + 53463. Calculate a(-14).
-31
Let c(p) = 3*p**3 + 50*p**2 + 3*p - 370. Determine c(-16).
94
Let t(v) = 2*v**2 - 68*v - 1106. What is t(-15)?
364
Let u(p) = p**3 - 140*p**2 + 678*p - 468. What is u(135)?
-63
Let i(p) = -8*p**2 + 494*p - 1882. What is i(4)?
-34
Let a(i) = -1465*i + 10345. Determine a(7).
90
Let a(t) = 4*t**3 - 365*t**2 + 85*t + 610. Determine a(91).
64
Let c(r) = 32605*r + 97798. Give c(-3).
-17
Let o(r) = 34096*r**2 - 1125176*r + 261. Give o(33).
-3
Let k(n) = -2*n**2 + 102*n - 513. Give k(50).
-413
Let g(c) = -26*c**2 + 319*c + 5. Calculate g(14).
-625
Let m(h) = -h**3 + 87*h**2 - 923*h - 45553. What is m(56)?
-25
Let c(j) = 5*j**2 - 49126*j + 98238. What is c(2)?
6
Let u(f) = 9011*f + 12642436. Give u(-1403).
3
Let h(s) = 15157*s - 682229. Determine h(45).
-164
Let x(j) = -3*j**2 - 355*j - 11576. Give x(-78).
-2138
Let c(h) = h**3 - 76*h**2 + 178*h - 1747. Give c(74).
473
Let b(t) = 6*t**2 + 39*t - 1343. Calculate b(-19).
82
Let q(b) = -12913*b + 710151. What is q(55)?
-64
Let n(a) = 52603*a - 578638. What is n(11)?
-5
Let q(u) = -57*u**2 + 76*u + 175. Give q(-3).
-566
Let k(x) = x**2 + 1392*x - 61663. Calculate k(43).
42
Let w(i) = 1364*i + 235939. Give w(-173).
-33
Let b(p) = 3*p**3 - 74*p**2 + 1892*p - 3502. What is b(2)?
10
Let h(m) = 233*m**2 - 3266*m + 12. What is h(14)?
-44
Let s(x) = x**2 + 718*x + 5023. What is s(-7)?
46
Let q(b) = -10043*b + 682913. Determine q(68).
-11
Let g(y) = -2*y**3 - 1504*y**2 - 10420*y + 7526. Determine g(-745).
76
Let g(r) = -3211*r + 183268. Determine g(57).
241
Let y(c) = -c**3 + 20*c**2 - 29*c + 41. Give y(14).
811
Let b(w) = w**2 + 37072*w + 444716. Calculate b(-12).
-4
Let z(k) = -28947*k + 115800. Determine z(4).
12
Let u(r) = -r**3 + 31*r**2 + 77*r - 116. Calculate u(33).
247
Let u(x) = -3*x**2 + 217*x + 7581. What is u(95)?
1121
Let o(j) = 26*j**3 - 39*j**2 - 70*j + 4. What is o(-2)?
-22